12. Let j = 17 + l. What is the remainder when 24 is divided by j?
11
Let g = -3 + -5. What is the remainder when 10 is divided by g/44 + 72/33?
0
Calculate the remainder when ((-134)/(-10) - 3)/((-4)/(-10)) is divided by 2/(-6) + 28/3.
8
Let d = -122 + 154. Calculate the remainder when 53 is divided by d.
21
Let g be 0 + 4*(-11)/(-2). Suppose o + o = g. What is the remainder when 31 is divided by o?
9
Let j(g) = -g**2 + 13*g - 7. Let r be j(12). Suppose -r*x - 2*z = -72 - 251, -4*x + 248 = -z. What is the remainder when x is divided by 16?
15
Suppose 3*v + 17 = -5*i, -4*i = -v + 4*v + 19. Let h = -6 - v. Suppose -108 = -4*r - 4*l, h*r + 83 = 7*r - l. Calculate the remainder when r is divided by 12.
10
Suppose 0 = c + 1, -2*x + 0*x + 86 = 2*c. Calculate the remainder when x is divided by 15.
14
Let n(l) = 20*l**2. What is the remainder when 77 is divided by n(-1)?
17
Suppose -3 = 2*s - 3*s. Let b = 6 - 1. What is the remainder when b is divided by s?
2
Let a(n) = n**3 - 5*n**2 - 4*n + 8. Let q(w) = 15*w**2 + w. Calculate the remainder when q(-2) is divided by a(6).
18
Let c = -22 + 28. What is the remainder when 16 is divided by c?
4
Suppose -i + 7*i - 96 = 0. What is the remainder when 62 is divided by i?
14
Let c = -21 - -35. Calculate the remainder when c is divided by 4.
2
Let u(y) = 2*y - 6. Let k = 5 - 1. What is the remainder when 5 is divided by u(k)?
1
Let b be ((-10)/8)/(1/4). Let f be (-10)/(-6) - b/15. Suppose 0 = g - 0*g - f*a - 16, 4*g = -3*a + 42. What is the remainder when 45 is divided by g?
9
Let r(u) = -u**3 + 7*u**2 - 4*u + 4. Let v be r(7). Let k = v + 57. Calculate the remainder when k is divided by (-2)/(-4) + (-69)/(-6).
9
Suppose 0 = -2*u + 3*u - 71. Let d be 8/5 - 2/(-5). Suppose -d*g + 19 = -29. What is the remainder when u is divided by g?
23
Let a = -9 + 25. Suppose -4*v + 2*k = 0, 5*v = -3*k + 2*k + 7. Let b = v + 29. What is the remainder when b is divided by a?
14
Let q = 0 + 0. Calculate the remainder when (-42 + 0)*16/(-24) is divided by 3 + q + -1 - -13.
13
Let m(s) be the second derivative of 10*s**3 - s**2 + 4*s. Calculate the remainder when m(1) is divided by 15.
13
Let r = -137 - -147. Let l(k) be the second derivative of 5*k**3/6 - 3*k**2/2 - 2*k. What is the remainder when l(4) is divided by r?
7
Calculate the remainder when (-5)/(-15) - 1/(-3)*134 is divided by 23.
22
Let x(k) = k - 2. Let i(h) = h - 1. Let r(v) = -13*i(v) + 6*x(v). What is the remainder when 23 is divided by r(-1)?
7
Let o be (0 + 0)*(1 + 0). Suppose i = -o*i + 3. Calculate the remainder when 4/(-6)*i - -10 is divided by 3.
2
What is the remainder when (2 - 0) + 11 + -4 is divided by 6?
3
Suppose -f + 0*f - 16 = 0. Let s = f + 25. Calculate the remainder when 25 is divided by s.
7
What is the remainder when 34 is divided by (-132)/21*(-42)/12?
12
Let n be ((-8)/(-5))/(4/10). Let x(i) = 2*i - 3. Calculate the remainder when 9 + 0 + -1 + 1 is divided by x(n).
4
Suppose 40 = 5*n + 5*r, 0 = -2*n - r + 6 + 10. Calculate the remainder when n is divided by 5.
3
Let o(c) = -c**2 + 7*c - 9. Let p be o(6). Let i = p - -4. What is the remainder when (2/(-3))/((-4)/6) is divided by i?
0
Let z be 4/(-2*(-1)/9). Let b = -15 + z. What is the remainder when 3 is divided by b?
0
Suppose -3*m + 5*x = -29 - 32, 75 = 5*m - 3*x. Calculate the remainder when 107 is divided by m.
11
What is the remainder when 201 is divided by (-62)/(-4) + 4 + 25/(-10)?
14
Let r = 33 - 30. Calculate the remainder when 5 is divided by r.
2
Let g(r) = r - 9. Let k(j) = j - 9. Let t(v) = -6*g(v) + 5*k(v). Suppose 0*m = -3*m + 6, m = 3*f - 13. Calculate the remainder when 6 is divided by t(f).
2
Let x(d) = d**3 - 5*d**2 - 6. Let p be x(6). Let l = p - 12. What is the remainder when 608/18 + 2/9 is divided by l?
16
Let s = 5 - -16. Suppose 2*p - 3*w - 17 = 0, 0*p + s = 3*p - 3*w. What is the remainder when 19 is divided by p?
3
Suppose 0 = 2*l + 3*d - 46, 3*l + 0*d = d + 69. Let h = -16 + l. What is the remainder when 20 is divided by h?
6
Suppose 16*g + 71 = 17*g. Calculate the remainder when g is divided by 18.
17
Suppose -11 + 31 = 5*p. Let d = 2 - -4. Let y(k) = -k**3 + 5*k**2 + 5*k + 8. What is the remainder when p is divided by y(d)?
0
Let o = -3 - -6. Suppose 3*l - 4 = l. Calculate the remainder when o is divided by l.
1
Let n = 186 + -126. What is the remainder when n is divided by 32?
28
Let b(v) = 4*v - 2. Let m = 0 + 5. What is the remainder when 34 is divided by b(m)?
16
Let c = 189 + -113. What is the remainder when c is divided by 16?
12
Let h be ((-3)/6)/(1/(-8)). Suppose h*c - 45 = -c. What is the remainder when 17 is divided by c?
8
Let u(r) = -r**2 - r + 17. Let p be ((-45)/6)/((-6)/(-8)). Let c = p + 19. Calculate the remainder when u(0) is divided by c.
8
Let j = 13 - 7. Suppose -l = -2*l + j. Calculate the remainder when 21 is divided by l.
3
Suppose -x = -47 - 77. Calculate the remainder when x is divided by 42.
40
Let v be 5/(-10) - 5/(-2). Let k(g) = 0 - 4*g + v*g - 5. What is the remainder when 32 is divided by k(-8)?
10
Let n(f) = -13*f**3 + 2*f**2 - f - 2. Calculate the remainder when 26 is divided by n(-1).
12
Suppose 10*r - 156 = -6. What is the remainder when (-384)/(-9) - 2/3 is divided by r?
12
Suppose 3 - 79 = -v. What is the remainder when v is divided by 13?
11
Calculate the remainder when (56 + 1)*((-119)/(-21))/1 is divided by 27.
26
Suppose -2*i + 4 = -80. Suppose -2*t = -5*k - 69, t + 0*k = 4*k + i. Calculate the remainder when 43 is divided by t.
21
Let s = 137 - 84. What is the remainder when s is divided by 20?
13
Let i(k) = -k**3 + k + 24. What is the remainder when i(0) is divided by 13?
11
Suppose g + 4*s - 13 = 19, 102 = 4*g + 3*s. Suppose g = 3*j + 153. Let b = 75 + j. Calculate the remainder when b is divided by 11.
10
Suppose 38 = 3*s + 2. What is the remainder when 23 is divided by s?
11
Suppose f + 5 = 5*p, -f + 2*p = -2*f + 30. What is the remainder when 37 is divided by f?
17
Let o(s) = 2 + 2 - 6 + 4 - 3*s. What is the remainder when o(-7) is divided by 12?
11
Suppose 0 = -2*q - 19 - 89. Let t = q - -93. Suppose -3*z + 3*l = -36, -5*z - l + 46 = l. Calculate the remainder when t is divided by z.
9
Suppose 5*g - 2*g + 6 = 3*h, 4*h + g - 28 = 0. Calculate the remainder when 13 is divided by h.
1
Suppose -3*h = 2*o - 126, -o + 58 = -0*o - h. What is the remainder when o is divided by 16?
12
What is the remainder when (63/(-3))/((-21)/49) is divided by 10?
9
Suppose 4*y - 147 = -g, 3*y - 53 - 46 = -3*g. Let s(h) = 2*h**2 + 32*h - 26. What is the remainder when y is divided by s(-17)?
6
Suppose 3*s = 13 + 8. Calculate the remainder when s is divided by 4.
3
Let r(k) = k**2 + 6*k + 5. Let l be r(-6). Suppose -54 = -l*s - s. What is the remainder when 26 is divided by s?
8
Suppose 0 = 4*q - 130 - 18. Suppose -2*n + 2*m = -28 + 4, 3*m - 68 = -5*n. Calculate the remainder when q is divided by n.
11
Suppose 4*l - 27 = 37. Calculate the remainder when 62 is divided by l.
14
What is the remainder when ((-5)/(-10) + -1)*-66 is divided by 17?
16
Suppose 6*q = 3*q + 114. Let s = 12 + -32. Let v = s + q. Calculate the remainder when v is divided by 10.
8
What is the remainder when 23/1 - 1*-4 is divided by 5?
2
Let s(q) = -q. Let v be s(-5). Suppose 22 = -v*b + 5*z + 107, 4*b + 4*z - 52 = 0. What is the remainder when 44 is divided by b?
14
Let d(l) = -l**2 + 5*l + 2*l - 4*l - 6 + 5*l. Calculate the remainder when 15 is divided by d(6).
3
Suppose 4*j = 254 + 10. Calculate the remainder when j is divided by 17.
15
Suppose 3*y - 3*h + 0*h - 30 = 0, 0 = -5*y + 3*h + 40. Calculate the remainder when 22 is divided by (y - -1)*(3 + -1).
10
Calculate the remainder when -4*(51/(-12) + 4)*29 is divided by 2/8 + 126/8.
13
Let q(x) = -x**3 - 3*x**2 + 3*x - 4. Let w be q(-3). Let n = w + 55. What is the remainder when n is divided by 15?
12
Let f(x) = -2*x**3 + 7*x**2 - 2*x + 7. Let y be f(5). Let i = -31 - y. Calculate the remainder when i is divided by 24.
23
Let j(t) = -t**3 + 2*t**2 + 2*t + 1. Let a(p) = -p + 3. Let m be a(5). What is the remainder when 37 is divided by j(m)?
11
Let z(c) = -c**2 - 7*c - 6. Let g be z(-6). Suppose -68 = -g*y - 4*y. Calculate the remainder when 31 is divided by y.
14
Let a = 127 + -53. Calculate the remainder when